{"id":3155,"date":"2025-12-23T17:04:13","date_gmt":"2025-12-23T16:04:13","guid":{"rendered":"https:\/\/daphneeopale.com\/?page_id=3155"},"modified":"2025-12-23T17:04:13","modified_gmt":"2025-12-23T16:04:13","slug":"politique-de-confidentialite-2","status":"publish","type":"page","link":"https:\/\/daphneeopale.com\/index.php\/politique-de-confidentialite-2\/","title":{"rendered":"Politique de Confidentialit\u00e9"},"content":{"rendered":"<div class=\"wpb-content-wrapper\"><p>[vc_row full_width=\u00a0\u00bbstretch_row\u00a0\u00bb content_placement=\u00a0\u00bbmiddle\u00a0\u00bb bg_type=\u00a0\u00bbimage\u00a0\u00bb parallax_style=\u00a0\u00bbvcpb-vz-jquery\u00a0\u00bb bg_image_new=\u00a0\u00bbid^3104|url^http:\/\/daphneeopale.com\/wp-content\/uploads\/2025\/09\/555729527_10238000163452896_1415463384718149544_n.jpg|caption^null|alt^Daphn\u00e9e Opale Make up artist photographe|title^Daphn\u00e9e Opale Make up artist photographe|description^null\u00a0\u00bb bg_image_repeat=\u00a0\u00bbno-repeat\u00a0\u00bb bg_override=\u00a0\u00bbex-full\u00a0\u00bb enable_overlay=\u00a0\u00bbenable_overlay_value\u00a0\u00bb overlay_color=\u00a0\u00bbrgba(10,8,8,0.5)\u00a0\u00bb css=\u00a0\u00bb.vc_custom_1766504775473{padding-top: 80px !important;padding-bottom: 90px !important;}\u00a0\u00bb][vc_column css_animation=\u00a0\u00bbfadeIn\u00a0\u00bb width=\u00a0\u00bb5\/6&Prime; offset=\u00a0\u00bbvc_col-lg-offset-2 vc_col-lg-8 vc_col-md-offset-2 vc_col-md-8 vc_col-sm-offset-1&Prime;]<div id=\"ultimate-heading-402869e16e13d6dba\" class=\"uvc-heading ult-adjust-bottom-margin ultimate-heading-402869e16e13d6dba uvc-277 \" data-hspacer=\"icon_only\"  data-halign=\"center\" style=\"text-align:center\"><div class=\"uvc-heading-spacer icon_only\" style=\"top\"><div class=\"ult-just-icon-wrapper  \"><div class=\"align-icon\" style=\"text-align:center;\">\n<div class=\"aio-icon none \"  style=\"color:#bc8c96;font-size:32px;display:inline-block;\">\n\t<i class=\"icomoon-the7-font-the7-mail-011\"><\/i>\n<\/div><\/div><\/div><\/div><div class=\"uvc-main-heading ult-responsive\"  data-ultimate-target='.uvc-heading.ultimate-heading-402869e16e13d6dba h3'  data-responsive-json-new='{\"font-size\":\"tablet_portrait:56px;mobile_landscape:40px;\",\"line-height\":\"tablet_portrait:50px;mobile_landscape:40px;\"}' ><h3 style=\"font-family:&#039;Alex Brush&#039;;font-weight:normal;font-style:normal;color:#ffffff;margin-bottom:10px;\">Politique de Confidentialit\u00e9<\/h3><\/div><\/div>[\/vc_column][\/vc_row][vc_row full_width=\u00a0\u00bbstretch_row_content_no_spaces\u00a0\u00bb content_placement=\u00a0\u00bbmiddle\u00a0\u00bb bg_type=\u00a0\u00bbimage\u00a0\u00bb parallax_style=\u00a0\u00bbvcpb-vz-jquery\u00a0\u00bb bg_image_repeat=\u00a0\u00bbno-repeat\u00a0\u00bb bg_override=\u00a0\u00bbex-full\u00a0\u00bb enable_overlay=\u00a0\u00bbenable_overlay_value\u00a0\u00bb overlay_color=\u00a0\u00bbrgba(10,8,8,0.5)\u00a0\u00bb css=\u00a0\u00bb.vc_custom_1766504857644{padding-top: 80px !important;padding-bottom: 90px !important;}\u00a0\u00bb][vc_column css_animation=\u00a0\u00bbfadeIn\u00a0\u00bb][vc_column_text]<\/p>\n<h2 data-start=\"385\" data-end=\"416\">Politique de confidentialit\u00e9<\/h2>\n<p data-start=\"418\" data-end=\"604\">La pr\u00e9sente politique de confidentialit\u00e9 d\u00e9crit la mani\u00e8re dont <strong data-start=\"482\" data-end=\"499\">Daphn\u00e9e Opale<\/strong> collecte, utilise et prot\u00e8ge les donn\u00e9es personnelles des utilisateurs du site <strong data-start=\"579\" data-end=\"603\"><a class=\"decorated-link\" href=\"http:\/\/www.daphneeopale.com\/\" target=\"_new\" rel=\"noopener\" data-start=\"581\" data-end=\"601\">www.daphneeopale.com<\/a><\/strong>.<\/p>\n<h3 data-start=\"606\" data-end=\"640\">1. Responsable du traitement<\/h3>\n<p data-start=\"641\" data-end=\"799\">Le responsable du traitement des donn\u00e9es est :<br data-start=\"687\" data-end=\"690\" \/><strong data-start=\"690\" data-end=\"707\">Daphn\u00e9e Opale<\/strong><br data-start=\"707\" data-end=\"710\" \/>Auto-entreprise<br data-start=\"725\" data-end=\"728\" \/>5 all\u00e9e de la R\u00e9publique, 46000 Gourdon<br data-start=\"767\" data-end=\"770\" \/>\ud83d\udce7 <a class=\"decorated-link cursor-pointer\" rel=\"noopener\" data-start=\"773\" data-end=\"797\">contact@daphneeopale.com<\/a><\/p>\n<hr data-start=\"801\" data-end=\"804\" \/>\n<h3 data-start=\"806\" data-end=\"833\">2. Donn\u00e9es collect\u00e9es<\/h3>\n<p data-start=\"834\" data-end=\"919\">\u00c0 ce jour, le site ne collecte pas de donn\u00e9es personnelles via formulaire de contact.<\/p>\n<p data-start=\"921\" data-end=\"991\">Les donn\u00e9es personnelles pourront \u00eatre collect\u00e9es ult\u00e9rieurement via :<\/p>\n<ul data-start=\"992\" data-end=\"1082\">\n<li data-start=\"992\" data-end=\"1022\">\n<p data-start=\"994\" data-end=\"1022\">une <strong data-start=\"998\" data-end=\"1012\">newsletter<\/strong> (\u00e0 venir)<\/p>\n<\/li>\n<li data-start=\"1023\" data-end=\"1082\">\n<p data-start=\"1025\" data-end=\"1082\">un <strong data-start=\"1028\" data-end=\"1072\">syst\u00e8me de prise de rendez-vous en ligne<\/strong> (\u00e0 venir)<\/p>\n<\/li>\n<\/ul>\n<p data-start=\"1084\" data-end=\"1133\">Les donn\u00e9es susceptibles d\u2019\u00eatre collect\u00e9es sont :<\/p>\n<ul data-start=\"1134\" data-end=\"1225\">\n<li data-start=\"1134\" data-end=\"1151\">\n<p data-start=\"1136\" data-end=\"1151\">nom et pr\u00e9nom<\/p>\n<\/li>\n<li data-start=\"1152\" data-end=\"1170\">\n<p data-start=\"1154\" data-end=\"1170\">adresse e-mail<\/p>\n<\/li>\n<li data-start=\"1171\" data-end=\"1225\">\n<p data-start=\"1173\" data-end=\"1225\">informations n\u00e9cessaires \u00e0 la prise de rendez-vous<\/p>\n<\/li>\n<\/ul>\n<hr data-start=\"1227\" data-end=\"1230\" \/>\n<h3 data-start=\"1232\" data-end=\"1264\">3. Finalit\u00e9 de la collecte<\/h3>\n<p data-start=\"1265\" data-end=\"1310\">Les donn\u00e9es sont collect\u00e9es uniquement pour :<\/p>\n<ul data-start=\"1311\" data-end=\"1476\">\n<li data-start=\"1311\" data-end=\"1353\">\n<p data-start=\"1313\" data-end=\"1353\">r\u00e9pondre aux demandes de l\u2019utilisateur<\/p>\n<\/li>\n<li data-start=\"1354\" data-end=\"1409\">\n<p data-start=\"1356\" data-end=\"1409\">envoyer des informations ou actualit\u00e9s (newsletter)<\/p>\n<\/li>\n<li data-start=\"1410\" data-end=\"1445\">\n<p data-start=\"1412\" data-end=\"1445\">g\u00e9rer les prises de rendez-vous<\/p>\n<\/li>\n<li data-start=\"1446\" data-end=\"1476\">\n<p data-start=\"1448\" data-end=\"1476\">assurer la relation client<\/p>\n<\/li>\n<\/ul>\n<p data-start=\"1478\" data-end=\"1543\">Aucune donn\u00e9e n\u2019est utilis\u00e9e \u00e0 des fins commerciales non pr\u00e9vues.<\/p>\n<hr data-start=\"1545\" data-end=\"1548\" \/>\n<h3 data-start=\"1550\" data-end=\"1583\">4. Conservation des donn\u00e9es<\/h3>\n<p data-start=\"1584\" data-end=\"1725\">Les donn\u00e9es personnelles sont conserv\u00e9es uniquement pour la dur\u00e9e n\u00e9cessaire \u00e0 leur finalit\u00e9 et dans le respect de la l\u00e9gislation en vigueur.<\/p>\n<hr data-start=\"1727\" data-end=\"1730\" \/>\n<h3 data-start=\"1732\" data-end=\"1760\">5. Partage des donn\u00e9es<\/h3>\n<p data-start=\"1761\" data-end=\"1846\">Les donn\u00e9es personnelles ne sont <strong data-start=\"1794\" data-end=\"1833\">ni vendues, ni \u00e9chang\u00e9es, ni c\u00e9d\u00e9es<\/strong> \u00e0 des tiers.<\/p>\n<hr data-start=\"1848\" data-end=\"1851\" \/>\n<h3 data-start=\"1853\" data-end=\"1885\">6. Droits de l\u2019utilisateur<\/h3>\n<p data-start=\"1886\" data-end=\"1951\">Conform\u00e9ment au RGPD, l\u2019utilisateur dispose des droits suivants :<\/p>\n<ul data-start=\"1952\" data-end=\"2044\">\n<li data-start=\"1952\" data-end=\"1969\">\n<p data-start=\"1954\" data-end=\"1969\">droit d\u2019acc\u00e8s<\/p>\n<\/li>\n<li data-start=\"1970\" data-end=\"1996\">\n<p data-start=\"1972\" data-end=\"1996\">droit de rectification<\/p>\n<\/li>\n<li data-start=\"1997\" data-end=\"2021\">\n<p data-start=\"1999\" data-end=\"2021\">droit de suppression<\/p>\n<\/li>\n<li data-start=\"2022\" data-end=\"2044\">\n<p data-start=\"2024\" data-end=\"2044\">droit d\u2019opposition<\/p>\n<\/li>\n<\/ul>\n<p data-start=\"2046\" data-end=\"2127\">Toute demande peut \u00eatre adress\u00e9e par e-mail \u00e0 :<br data-start=\"2093\" data-end=\"2096\" \/>\ud83d\udce7 <strong data-start=\"2099\" data-end=\"2127\"><a class=\"decorated-link cursor-pointer\" rel=\"noopener\" data-start=\"2101\" data-end=\"2125\">contact@daphneeopale.com<\/a><\/strong><\/p>\n<hr data-start=\"2129\" data-end=\"2132\" \/>\n<h3 data-start=\"2134\" data-end=\"2150\">7. Cookies<\/h3>\n<p data-start=\"2151\" data-end=\"2332\">Le site peut utiliser des cookies n\u00e9cessaires \u00e0 son fonctionnement ou \u00e0 des fins de mesure d\u2019audience.<br data-start=\"2253\" data-end=\"2256\" \/>L\u2019utilisateur peut refuser les cookies via les param\u00e8tres de son navigateur.<\/p>\n<p>[\/vc_column_text][\/vc_column][\/vc_row]<\/p>\n<\/div>","protected":false},"excerpt":{"rendered":"<p>[vc_row full_width=\u00a0\u00bbstretch_row\u00a0\u00bb content_placement=\u00a0\u00bbmiddle\u00a0\u00bb bg_type=\u00a0\u00bbimage\u00a0\u00bb parallax_style=\u00a0\u00bbvcpb-vz-jquery\u00a0\u00bb bg_image_new=\u00a0\u00bbid^3104|url^http:\/\/daphneeopale.com\/wp-content\/uploads\/2025\/09\/555729527_10238000163452896_1415463384718149544_n.jpg|caption^null|alt^Daphn\u00e9e Opale Make up artist photographe|title^Daphn\u00e9e Opale Make up artist photographe|description^null\u00a0\u00bb bg_image_repeat=\u00a0\u00bbno-repeat\u00a0\u00bb bg_override=\u00a0\u00bbex-full\u00a0\u00bb enable_overlay=\u00a0\u00bbenable_overlay_value\u00a0\u00bb overlay_color=\u00a0\u00bbrgba(10,8,8,0.5)\u00a0\u00bb css=\u00a0\u00bb.vc_custom_1766504775473{padding-top: 80px !important;padding-bottom: 90px !important;}\u00a0\u00bb][vc_column css_animation=\u00a0\u00bbfadeIn\u00a0\u00bb width=\u00a0\u00bb5\/6&Prime; offset=\u00a0\u00bbvc_col-lg-offset-2 vc_col-lg-8 vc_col-md-offset-2 vc_col-md-8 vc_col-sm-offset-1&Prime;][\/vc_column][\/vc_row][vc_row full_width=\u00a0\u00bbstretch_row_content_no_spaces\u00a0\u00bb content_placement=\u00a0\u00bbmiddle\u00a0\u00bb bg_type=\u00a0\u00bbimage\u00a0\u00bb parallax_style=\u00a0\u00bbvcpb-vz-jquery\u00a0\u00bb bg_image_repeat=\u00a0\u00bbno-repeat\u00a0\u00bb bg_override=\u00a0\u00bbex-full\u00a0\u00bb enable_overlay=\u00a0\u00bbenable_overlay_value\u00a0\u00bb overlay_color=\u00a0\u00bbrgba(10,8,8,0.5)\u00a0\u00bb css=\u00a0\u00bb.vc_custom_1766504857644{padding-top: 80px !important;padding-bottom: 90px !important;}\u00a0\u00bb][vc_column css_animation=\u00a0\u00bbfadeIn\u00a0\u00bb][vc_column_text] Politique de confidentialit\u00e9 La pr\u00e9sente politique de confidentialit\u00e9 d\u00e9crit&hellip;<\/p>\n","protected":false},"author":1,"featured_media":0,"parent":0,"menu_order":0,"comment_status":"closed","ping_status":"closed","template":"template-microsite.php","meta":{"_monsterinsights_skip_tracking":false,"_monsterinsights_sitenote_active":false,"_monsterinsights_sitenote_note":"","_monsterinsights_sitenote_category":0,"footnotes":""},"class_list":["post-3155","page","type-page","status-publish","hentry","description-off"],"_links":{"self":[{"href":"https:\/\/daphneeopale.com\/index.php\/wp-json\/wp\/v2\/pages\/3155","targetHints":{"allow":["GET"]}}],"collection":[{"href":"https:\/\/daphneeopale.com\/index.php\/wp-json\/wp\/v2\/pages"}],"about":[{"href":"https:\/\/daphneeopale.com\/index.php\/wp-json\/wp\/v2\/types\/page"}],"author":[{"embeddable":true,"href":"https:\/\/daphneeopale.com\/index.php\/wp-json\/wp\/v2\/users\/1"}],"replies":[{"embeddable":true,"href":"https:\/\/daphneeopale.com\/index.php\/wp-json\/wp\/v2\/comments?post=3155"}],"version-history":[{"count":1,"href":"https:\/\/daphneeopale.com\/index.php\/wp-json\/wp\/v2\/pages\/3155\/revisions"}],"predecessor-version":[{"id":3156,"href":"https:\/\/daphneeopale.com\/index.php\/wp-json\/wp\/v2\/pages\/3155\/revisions\/3156"}],"wp:attachment":[{"href":"https:\/\/daphneeopale.com\/index.php\/wp-json\/wp\/v2\/media?parent=3155"}],"curies":[{"name":"wp","href":"https:\/\/api.w.org\/{rel}","templated":true}]}}